{"version":"1.0","provider_name":"NOTICIASMERCEDINAS.COM","provider_url":"https:\/\/noticiasmercedinas.com\/site","author_name":"Juan Dagnino NOTICIASMERCEDINAS.COM","author_url":"https:\/\/noticiasmercedinas.com\/site\/author\/juandagnino\/","title":"Toda la agenda de la Liga Mercedina","type":"rich","width":600,"height":338,"html":"<blockquote class=\"wp-embedded-content\" data-secret=\"3Hosho0rDa\"><a href=\"https:\/\/noticiasmercedinas.com\/site\/2018\/09\/07\/toda-la-agenda-de-la-liga-mercedina\/\">Toda la agenda de la Liga Mercedina<\/a><\/blockquote><iframe sandbox=\"allow-scripts\" security=\"restricted\" src=\"https:\/\/noticiasmercedinas.com\/site\/2018\/09\/07\/toda-la-agenda-de-la-liga-mercedina\/embed\/#?secret=3Hosho0rDa\" width=\"600\" height=\"338\" title=\"\u00abToda la agenda de la Liga Mercedina\u00bb \u2014 NOTICIASMERCEDINAS.COM\" data-secret=\"3Hosho0rDa\" frameborder=\"0\" marginwidth=\"0\" marginheight=\"0\" scrolling=\"no\" class=\"wp-embedded-content\"><\/iframe><script type=\"text\/javascript\">\n\/* <![CDATA[ *\/\n\/*! This file is auto-generated *\/\n!function(d,l){\"use strict\";l.querySelector&&d.addEventListener&&\"undefined\"!=typeof URL&&(d.wp=d.wp||{},d.wp.receiveEmbedMessage||(d.wp.receiveEmbedMessage=function(e){var t=e.data;if((t||t.secret||t.message||t.value)&&!\/[^a-zA-Z0-9]\/.test(t.secret)){for(var s,r,n,a=l.querySelectorAll('iframe[data-secret=\"'+t.secret+'\"]'),o=l.querySelectorAll('blockquote[data-secret=\"'+t.secret+'\"]'),c=new RegExp(\"^https?:$\",\"i\"),i=0;i<o.length;i++)o[i].style.display=\"none\";for(i=0;i<a.length;i++)s=a[i],e.source===s.contentWindow&&(s.removeAttribute(\"style\"),\"height\"===t.message?(1e3<(r=parseInt(t.value,10))?r=1e3:~~r<200&&(r=200),s.height=r):\"link\"===t.message&&(r=new URL(s.getAttribute(\"src\")),n=new URL(t.value),c.test(n.protocol))&&n.host===r.host&&l.activeElement===s&&(d.top.location.href=t.value))}},d.addEventListener(\"message\",d.wp.receiveEmbedMessage,!1),l.addEventListener(\"DOMContentLoaded\",function(){for(var e,t,s=l.querySelectorAll(\"iframe.wp-embedded-content\"),r=0;r<s.length;r++)(t=(e=s[r]).getAttribute(\"data-secret\"))||(t=Math.random().toString(36).substring(2,12),e.src+=\"#?secret=\"+t,e.setAttribute(\"data-secret\",t)),e.contentWindow.postMessage({message:\"ready\",secret:t},\"*\")},!1)))}(window,document);\n\/\/# sourceURL=https:\/\/noticiasmercedinas.com\/site\/wp-includes\/js\/wp-embed.min.js\n\/* ]]> *\/\n<\/script>\n","thumbnail_url":"https:\/\/noticiasmercedinas.com\/site\/wp-content\/uploads\/2018\/09\/IMG_2993.jpg","thumbnail_width":650,"thumbnail_height":433,"description":"El fin de semana habr\u00e1 una gran cantidad de partidos. En Primera se disputar\u00e1n los cuartos de final comenzando a jugar los que se clasificaron primeros y segundos en sus zonas. Con ello la ventaja deportiva es para Mercedes, Col\u00f3n, Front\u00f3n y Juventud.\u00a0 El Infanto-Juvenil tendr\u00e1 su \u00faltima fecha. Arranca un nuevo certamen del f\u00fatbol [&hellip;]"}

El fin de semana habrá una gran cantidad de partidos. En Primera se disputarán los cuartos de final comenzando a jugar los que se clasificaron primeros y segundos en sus zonas. Con ello la ventaja deportiva es para Mercedes, Colón, Frontón y Juventud.  El Infanto-Juvenil tendrá su última fecha. Arranca un nuevo certamen del fútbol [&hellip;]
