{"version":"1.0","provider_name":"NOTICIASMERCEDINAS.COM","provider_url":"https:\/\/noticiasmercedinas.com\/site","author_name":"Juan Dagnino NOTICIASMERCEDINAS.COM","author_url":"https:\/\/noticiasmercedinas.com\/site\/author\/juandagnino\/","title":"El f\u00fatbol femenino afronta la segunda fecha","type":"rich","width":600,"height":338,"html":"<blockquote class=\"wp-embedded-content\" data-secret=\"femK4uFcG0\"><a href=\"https:\/\/noticiasmercedinas.com\/site\/2018\/09\/14\/el-futbol-femenino-afronta-la-segunda-fecha\/\">El f\u00fatbol femenino afronta la segunda fecha<\/a><\/blockquote><iframe sandbox=\"allow-scripts\" security=\"restricted\" src=\"https:\/\/noticiasmercedinas.com\/site\/2018\/09\/14\/el-futbol-femenino-afronta-la-segunda-fecha\/embed\/#?secret=femK4uFcG0\" width=\"600\" height=\"338\" title=\"\u00abEl f\u00fatbol femenino afronta la segunda fecha\u00bb \u2014 NOTICIASMERCEDINAS.COM\" data-secret=\"femK4uFcG0\" frameborder=\"0\" marginwidth=\"0\" marginheight=\"0\" scrolling=\"no\" class=\"wp-embedded-content\"><\/iframe><script type=\"text\/javascript\">\n\/* <![CDATA[ *\/\n\/*! This file is auto-generated *\/\n!function(d,l){\"use strict\";l.querySelector&&d.addEventListener&&\"undefined\"!=typeof URL&&(d.wp=d.wp||{},d.wp.receiveEmbedMessage||(d.wp.receiveEmbedMessage=function(e){var t=e.data;if((t||t.secret||t.message||t.value)&&!\/[^a-zA-Z0-9]\/.test(t.secret)){for(var s,r,n,a=l.querySelectorAll('iframe[data-secret=\"'+t.secret+'\"]'),o=l.querySelectorAll('blockquote[data-secret=\"'+t.secret+'\"]'),c=new RegExp(\"^https?:$\",\"i\"),i=0;i<o.length;i++)o[i].style.display=\"none\";for(i=0;i<a.length;i++)s=a[i],e.source===s.contentWindow&&(s.removeAttribute(\"style\"),\"height\"===t.message?(1e3<(r=parseInt(t.value,10))?r=1e3:~~r<200&&(r=200),s.height=r):\"link\"===t.message&&(r=new URL(s.getAttribute(\"src\")),n=new URL(t.value),c.test(n.protocol))&&n.host===r.host&&l.activeElement===s&&(d.top.location.href=t.value))}},d.addEventListener(\"message\",d.wp.receiveEmbedMessage,!1),l.addEventListener(\"DOMContentLoaded\",function(){for(var e,t,s=l.querySelectorAll(\"iframe.wp-embedded-content\"),r=0;r<s.length;r++)(t=(e=s[r]).getAttribute(\"data-secret\"))||(t=Math.random().toString(36).substring(2,12),e.src+=\"#?secret=\"+t,e.setAttribute(\"data-secret\",t)),e.contentWindow.postMessage({message:\"ready\",secret:t},\"*\")},!1)))}(window,document);\n\/\/# sourceURL=https:\/\/noticiasmercedinas.com\/site\/wp-includes\/js\/wp-embed.min.js\n\/* ]]> *\/\n<\/script>\n","thumbnail_url":"https:\/\/noticiasmercedinas.com\/site\/wp-content\/uploads\/2018\/09\/VELEZ-SUB-12.jpg","thumbnail_width":650,"thumbnail_height":398,"description":"El s\u00e1bado 15 se concretar\u00e1 la Primera divisi\u00f3n quedando libre Estudiantes a partir de las 17. El domingo 16 las inferiores se llevar\u00e1n adelante desde las 11. Todo ser\u00e1 en cancha de Comunicaciones. El f\u00fatbol femenino de la Liga Mercedina tendr\u00e1 este fin de semana la\u00a0 concreci\u00f3n de la segunda fecha, el s\u00e1bado ser\u00e1 el [&hellip;]"}

El fútbol femenino afronta la segunda fecha

<blockquote class="wp-embedded-content" data-secret="femK4uFcG0"><a href="https://noticiasmercedinas.com/site/2018/09/14/el-futbol-femenino-afronta-la-segunda-fecha/">El fútbol femenino afronta la segunda fecha</a></blockquote><iframe sandbox="allow-scripts" security="restricted" src="https://noticiasmercedinas.com/site/2018/09/14/el-futbol-femenino-afronta-la-segunda-fecha/embed/#?secret=femK4uFcG0" width="600" height="338" title="«El fútbol femenino afronta la segunda fecha» — NOTICIASMERCEDINAS.COM" data-secret="femK4uFcG0" frameborder="0" marginwidth="0" marginheight="0" scrolling="no" class="wp-embedded-content"></iframe><script type="text/javascript">
/* <![CDATA[ */
/*! This file is auto-generated */
!function(d,l){"use strict";l.querySelector&&d.addEventListener&&"undefined"!=typeof URL&&(d.wp=d.wp||{},d.wp.receiveEmbedMessage||(d.wp.receiveEmbedMessage=function(e){var t=e.data;if((t||t.secret||t.message||t.value)&&!/[^a-zA-Z0-9]/.test(t.secret)){for(var s,r,n,a=l.querySelectorAll('iframe[data-secret="'+t.secret+'"]'),o=l.querySelectorAll('blockquote[data-secret="'+t.secret+'"]'),c=new RegExp("^https?:$","i"),i=0;i<o.length;i++)o[i].style.display="none";for(i=0;i<a.length;i++)s=a[i],e.source===s.contentWindow&&(s.removeAttribute("style"),"height"===t.message?(1e3<(r=parseInt(t.value,10))?r=1e3:~~r<200&&(r=200),s.height=r):"link"===t.message&&(r=new URL(s.getAttribute("src")),n=new URL(t.value),c.test(n.protocol))&&n.host===r.host&&l.activeElement===s&&(d.top.location.href=t.value))}},d.addEventListener("message",d.wp.receiveEmbedMessage,!1),l.addEventListener("DOMContentLoaded",function(){for(var e,t,s=l.querySelectorAll("iframe.wp-embedded-content"),r=0;r<s.length;r++)(t=(e=s[r]).getAttribute("data-secret"))||(t=Math.random().toString(36).substring(2,12),e.src+="#?secret="+t,e.setAttribute("data-secret",t)),e.contentWindow.postMessage({message:"ready",secret:t},"*")},!1)))}(window,document);
//# sourceURL=https://noticiasmercedinas.com/site/wp-includes/js/wp-embed.min.js
/* ]]> */
</script>

El sábado 15 se concretará la Primera división quedando libre Estudiantes a partir de las 17. El domingo 16 las inferiores se llevarán adelante desde las 11. Todo será en cancha de Comunicaciones. El fútbol femenino de la Liga Mercedina tendrá este fin de semana la  concreción de la segunda fecha, el sábado será el [&hellip;]
