{"version":"1.0","provider_name":"NOTICIASMERCEDINAS.COM","provider_url":"https:\/\/noticiasmercedinas.com\/site","author_name":"Cristian Falabella NOTICIASMERCEDINAS.COM","author_url":"https:\/\/noticiasmercedinas.com\/site\/author\/as000384\/","title":"Comenzaron las obras en avenida 2","type":"rich","width":600,"height":338,"html":"<blockquote class=\"wp-embedded-content\" data-secret=\"ApNkEx9ycZ\"><a href=\"https:\/\/noticiasmercedinas.com\/site\/2018\/12\/25\/comenzaron-las-obras-en-avenida-2\/\">Comenzaron las obras en avenida 2<\/a><\/blockquote><iframe sandbox=\"allow-scripts\" security=\"restricted\" src=\"https:\/\/noticiasmercedinas.com\/site\/2018\/12\/25\/comenzaron-las-obras-en-avenida-2\/embed\/#?secret=ApNkEx9ycZ\" width=\"600\" height=\"338\" title=\"\u00abComenzaron las obras en avenida 2\u00bb \u2014 NOTICIASMERCEDINAS.COM\" data-secret=\"ApNkEx9ycZ\" frameborder=\"0\" marginwidth=\"0\" marginheight=\"0\" scrolling=\"no\" class=\"wp-embedded-content\"><\/iframe><script type=\"text\/javascript\">\n\/* <![CDATA[ *\/\n\/*! This file is auto-generated *\/\n!function(d,l){\"use strict\";l.querySelector&&d.addEventListener&&\"undefined\"!=typeof URL&&(d.wp=d.wp||{},d.wp.receiveEmbedMessage||(d.wp.receiveEmbedMessage=function(e){var t=e.data;if((t||t.secret||t.message||t.value)&&!\/[^a-zA-Z0-9]\/.test(t.secret)){for(var s,r,n,a=l.querySelectorAll('iframe[data-secret=\"'+t.secret+'\"]'),o=l.querySelectorAll('blockquote[data-secret=\"'+t.secret+'\"]'),c=new RegExp(\"^https?:$\",\"i\"),i=0;i<o.length;i++)o[i].style.display=\"none\";for(i=0;i<a.length;i++)s=a[i],e.source===s.contentWindow&&(s.removeAttribute(\"style\"),\"height\"===t.message?(1e3<(r=parseInt(t.value,10))?r=1e3:~~r<200&&(r=200),s.height=r):\"link\"===t.message&&(r=new URL(s.getAttribute(\"src\")),n=new URL(t.value),c.test(n.protocol))&&n.host===r.host&&l.activeElement===s&&(d.top.location.href=t.value))}},d.addEventListener(\"message\",d.wp.receiveEmbedMessage,!1),l.addEventListener(\"DOMContentLoaded\",function(){for(var e,t,s=l.querySelectorAll(\"iframe.wp-embedded-content\"),r=0;r<s.length;r++)(t=(e=s[r]).getAttribute(\"data-secret\"))||(t=Math.random().toString(36).substring(2,12),e.src+=\"#?secret=\"+t,e.setAttribute(\"data-secret\",t)),e.contentWindow.postMessage({message:\"ready\",secret:t},\"*\")},!1)))}(window,document);\n\/\/# sourceURL=https:\/\/noticiasmercedinas.com\/site\/wp-includes\/js\/wp-embed.min.js\n\/* ]]> *\/\n<\/script>\n","thumbnail_url":"https:\/\/noticiasmercedinas.com\/site\/wp-content\/uploads\/2018\/12\/DSC_0108.jpg","thumbnail_width":640,"thumbnail_height":426,"description":"Tal como anunci\u00f3 el municipio antes de fin de a\u00f1o arrancaron. Es una obra que se realizar\u00e1 en tramos, por casi 59 millones de pesos. Destacan que es \u201cun esfuerzo de todos los mercedinos\u201d. La Municipalidad de Mercedes finalmente empez\u00f3 la ejecuci\u00f3n de la repavimentaci\u00f3n de la Avenida 2. Ca\u00f1os, carteler\u00eda y movimiento de m\u00e1quinas [&hellip;]"}

Tal como anunció el municipio antes de fin de año arrancaron. Es una obra que se realizará en tramos, por casi 59 millones de pesos. Destacan que es “un esfuerzo de todos los mercedinos”. La Municipalidad de Mercedes finalmente empezó la ejecución de la repavimentación de la Avenida 2. Caños, cartelería y movimiento de máquinas [&hellip;]
