{"version":"1.0","provider_name":"NOTICIASMERCEDINAS.COM","provider_url":"https:\/\/noticiasmercedinas.com\/site","author_name":"Cristian Falabella NOTICIASMERCEDINAS.COM","author_url":"https:\/\/noticiasmercedinas.com\/site\/author\/as000384\/","title":"Scheinig: \"La cultura de la muerte avanza\"","type":"rich","width":600,"height":338,"html":"<blockquote class=\"wp-embedded-content\" data-secret=\"K6RwV5h4QV\"><a href=\"https:\/\/noticiasmercedinas.com\/site\/2020\/02\/29\/scheinig-la-cultura-de-la-muerte-avanza\/\">Scheinig: \u00abLa cultura de la muerte avanza\u00bb<\/a><\/blockquote><iframe sandbox=\"allow-scripts\" security=\"restricted\" src=\"https:\/\/noticiasmercedinas.com\/site\/2020\/02\/29\/scheinig-la-cultura-de-la-muerte-avanza\/embed\/#?secret=K6RwV5h4QV\" width=\"600\" height=\"338\" title=\"\u00abScheinig: \u00abLa cultura de la muerte avanza\u00bb\u00bb \u2014 NOTICIASMERCEDINAS.COM\" data-secret=\"K6RwV5h4QV\" frameborder=\"0\" marginwidth=\"0\" marginheight=\"0\" scrolling=\"no\" class=\"wp-embedded-content\"><\/iframe><script>\n\/*! This file is auto-generated *\/\n!function(d,l){\"use strict\";l.querySelector&&d.addEventListener&&\"undefined\"!=typeof URL&&(d.wp=d.wp||{},d.wp.receiveEmbedMessage||(d.wp.receiveEmbedMessage=function(e){var t=e.data;if((t||t.secret||t.message||t.value)&&!\/[^a-zA-Z0-9]\/.test(t.secret)){for(var s,r,n,a=l.querySelectorAll('iframe[data-secret=\"'+t.secret+'\"]'),o=l.querySelectorAll('blockquote[data-secret=\"'+t.secret+'\"]'),c=new RegExp(\"^https?:$\",\"i\"),i=0;i<o.length;i++)o[i].style.display=\"none\";for(i=0;i<a.length;i++)s=a[i],e.source===s.contentWindow&&(s.removeAttribute(\"style\"),\"height\"===t.message?(1e3<(r=parseInt(t.value,10))?r=1e3:~~r<200&&(r=200),s.height=r):\"link\"===t.message&&(r=new URL(s.getAttribute(\"src\")),n=new URL(t.value),c.test(n.protocol))&&n.host===r.host&&l.activeElement===s&&(d.top.location.href=t.value))}},d.addEventListener(\"message\",d.wp.receiveEmbedMessage,!1),l.addEventListener(\"DOMContentLoaded\",function(){for(var e,t,s=l.querySelectorAll(\"iframe.wp-embedded-content\"),r=0;r<s.length;r++)(t=(e=s[r]).getAttribute(\"data-secret\"))||(t=Math.random().toString(36).substring(2,12),e.src+=\"#?secret=\"+t,e.setAttribute(\"data-secret\",t)),e.contentWindow.postMessage({message:\"ready\",secret:t},\"*\")},!1)))}(window,document);\n\/\/# sourceURL=https:\/\/noticiasmercedinas.com\/site\/wp-includes\/js\/wp-embed.min.js\n<\/script>\n","thumbnail_url":"https:\/\/noticiasmercedinas.com\/site\/wp-content\/uploads\/2020\/02\/20200229_094900.jpg","thumbnail_width":654,"thumbnail_height":354,"description":"En el marco de su invitaci\u00f3n para ser parte de una celebraci\u00f3n que tendr\u00e1 lugar el venidero 8 de marzo, en el D\u00eda Internacional de la Mujer, el arzobispo de Mercedes &#8211; Luj\u00e1n, Jorge Eduardo Scheinig, cuestion\u00f3 a trav\u00e9s de un mensaje en video el avance de \u00abla cultura de la muerte\u00bb. \u00abMuchas veces cuando [&hellip;]"}

En el marco de su invitación para ser parte de una celebración que tendrá lugar el venidero 8 de marzo, en el Día Internacional de la Mujer, el arzobispo de Mercedes &#8211; Luján, Jorge Eduardo Scheinig, cuestionó a través de un mensaje en video el avance de «la cultura de la muerte». «Muchas veces cuando [&hellip;]
