{"version":"1.0","provider_name":"NOTICIASMERCEDINAS.COM","provider_url":"https:\/\/noticiasmercedinas.com\/site","author_name":"NOTICIASMERCEDINAS.COM","author_url":"https:\/\/noticiasmercedinas.com\/site\/author\/anonimo\/","title":"Pandemia y Salud Mental","type":"rich","width":600,"height":338,"html":"<blockquote class=\"wp-embedded-content\" data-secret=\"sLR61VGUup\"><a href=\"https:\/\/noticiasmercedinas.com\/site\/2021\/04\/12\/pandemia-y-salud-mental\/\">Pandemia y Salud Mental<\/a><\/blockquote><iframe sandbox=\"allow-scripts\" security=\"restricted\" src=\"https:\/\/noticiasmercedinas.com\/site\/2021\/04\/12\/pandemia-y-salud-mental\/embed\/#?secret=sLR61VGUup\" width=\"600\" height=\"338\" title=\"\u00abPandemia y Salud Mental\u00bb \u2014 NOTICIASMERCEDINAS.COM\" data-secret=\"sLR61VGUup\" frameborder=\"0\" marginwidth=\"0\" marginheight=\"0\" scrolling=\"no\" class=\"wp-embedded-content\"><\/iframe><script type=\"text\/javascript\">\n\/* <![CDATA[ *\/\n\/*! This file is auto-generated *\/\n!function(d,l){\"use strict\";l.querySelector&&d.addEventListener&&\"undefined\"!=typeof URL&&(d.wp=d.wp||{},d.wp.receiveEmbedMessage||(d.wp.receiveEmbedMessage=function(e){var t=e.data;if((t||t.secret||t.message||t.value)&&!\/[^a-zA-Z0-9]\/.test(t.secret)){for(var s,r,n,a=l.querySelectorAll('iframe[data-secret=\"'+t.secret+'\"]'),o=l.querySelectorAll('blockquote[data-secret=\"'+t.secret+'\"]'),c=new RegExp(\"^https?:$\",\"i\"),i=0;i<o.length;i++)o[i].style.display=\"none\";for(i=0;i<a.length;i++)s=a[i],e.source===s.contentWindow&&(s.removeAttribute(\"style\"),\"height\"===t.message?(1e3<(r=parseInt(t.value,10))?r=1e3:~~r<200&&(r=200),s.height=r):\"link\"===t.message&&(r=new URL(s.getAttribute(\"src\")),n=new URL(t.value),c.test(n.protocol))&&n.host===r.host&&l.activeElement===s&&(d.top.location.href=t.value))}},d.addEventListener(\"message\",d.wp.receiveEmbedMessage,!1),l.addEventListener(\"DOMContentLoaded\",function(){for(var e,t,s=l.querySelectorAll(\"iframe.wp-embedded-content\"),r=0;r<s.length;r++)(t=(e=s[r]).getAttribute(\"data-secret\"))||(t=Math.random().toString(36).substring(2,12),e.src+=\"#?secret=\"+t,e.setAttribute(\"data-secret\",t)),e.contentWindow.postMessage({message:\"ready\",secret:t},\"*\")},!1)))}(window,document);\n\/\/# sourceURL=https:\/\/noticiasmercedinas.com\/site\/wp-includes\/js\/wp-embed.min.js\n\/* ]]> *\/\n<\/script>\n","thumbnail_url":"https:\/\/noticiasmercedinas.com\/site\/wp-content\/uploads\/2021\/04\/114848636_pandemia.jpg","thumbnail_width":640,"thumbnail_height":360,"description":"Por Julieta Calmels Ya es sabido que la salud mental es un proceso determinado por m\u00faltiples componentes: hist\u00f3ricos, culturales, econ\u00f3micos, sociales, psicol\u00f3gicos y biol\u00f3gicos. Sin embargo, esta afirmaci\u00f3n, no supone saber qu\u00e9 es lo que pasa en la salud mental de una poblaci\u00f3n cuando todos esos componentes se trastocan en sus l\u00f3gicas tradicionales de determinaci\u00f3n. [&hellip;]"}

Por Julieta Calmels Ya es sabido que la salud mental es un proceso determinado por múltiples componentes: históricos, culturales, económicos, sociales, psicológicos y biológicos. Sin embargo, esta afirmación, no supone saber qué es lo que pasa en la salud mental de una población cuando todos esos componentes se trastocan en sus lógicas tradicionales de determinación. [&hellip;]
