{"version":"1.0","provider_name":"NOTICIASMERCEDINAS.COM","provider_url":"https:\/\/noticiasmercedinas.com\/site","author_name":"Juan Dagnino NOTICIASMERCEDINAS.COM","author_url":"https:\/\/noticiasmercedinas.com\/site\/author\/juandagnino\/","title":"Tienen en cuenta a Club Mercedes","type":"rich","width":600,"height":338,"html":"<blockquote class=\"wp-embedded-content\" data-secret=\"ytQvv1mNm4\"><a href=\"https:\/\/noticiasmercedinas.com\/site\/2021\/05\/07\/tienen-en-cuenta-a-club-mercedes\/\">Tienen en cuenta a Club Mercedes<\/a><\/blockquote><iframe sandbox=\"allow-scripts\" security=\"restricted\" src=\"https:\/\/noticiasmercedinas.com\/site\/2021\/05\/07\/tienen-en-cuenta-a-club-mercedes\/embed\/#?secret=ytQvv1mNm4\" width=\"600\" height=\"338\" title=\"\u00abTienen en cuenta a Club Mercedes\u00bb \u2014 NOTICIASMERCEDINAS.COM\" data-secret=\"ytQvv1mNm4\" frameborder=\"0\" marginwidth=\"0\" marginheight=\"0\" scrolling=\"no\" class=\"wp-embedded-content\"><\/iframe><script type=\"text\/javascript\">\n\/* <![CDATA[ *\/\n\/*! This file is auto-generated *\/\n!function(d,l){\"use strict\";l.querySelector&&d.addEventListener&&\"undefined\"!=typeof URL&&(d.wp=d.wp||{},d.wp.receiveEmbedMessage||(d.wp.receiveEmbedMessage=function(e){var t=e.data;if((t||t.secret||t.message||t.value)&&!\/[^a-zA-Z0-9]\/.test(t.secret)){for(var s,r,n,a=l.querySelectorAll('iframe[data-secret=\"'+t.secret+'\"]'),o=l.querySelectorAll('blockquote[data-secret=\"'+t.secret+'\"]'),c=new RegExp(\"^https?:$\",\"i\"),i=0;i<o.length;i++)o[i].style.display=\"none\";for(i=0;i<a.length;i++)s=a[i],e.source===s.contentWindow&&(s.removeAttribute(\"style\"),\"height\"===t.message?(1e3<(r=parseInt(t.value,10))?r=1e3:~~r<200&&(r=200),s.height=r):\"link\"===t.message&&(r=new URL(s.getAttribute(\"src\")),n=new URL(t.value),c.test(n.protocol))&&n.host===r.host&&l.activeElement===s&&(d.top.location.href=t.value))}},d.addEventListener(\"message\",d.wp.receiveEmbedMessage,!1),l.addEventListener(\"DOMContentLoaded\",function(){for(var e,t,s=l.querySelectorAll(\"iframe.wp-embedded-content\"),r=0;r<s.length;r++)(t=(e=s[r]).getAttribute(\"data-secret\"))||(t=Math.random().toString(36).substring(2,12),e.src+=\"#?secret=\"+t,e.setAttribute(\"data-secret\",t)),e.contentWindow.postMessage({message:\"ready\",secret:t},\"*\")},!1)))}(window,document);\n\/\/# sourceURL=https:\/\/noticiasmercedinas.com\/site\/wp-includes\/js\/wp-embed.min.js\n\/* ]]> *\/\n<\/script>\n","thumbnail_url":"https:\/\/noticiasmercedinas.com\/site\/wp-content\/uploads\/2021\/05\/IMG_6424.jpg","thumbnail_width":640,"thumbnail_height":387,"description":"\u25a0 El \u201cBlanquinegro\u201d fue preseleccionado para estar el torneo de la Primera D de AFA. Por estas horas se realizan distintos tr\u00e1mites solicitados por la casa madre del f\u00fatbol. Mientras tanto se inicia la temporada donde s\u00f3lo habr\u00e1 12 clubes. Los invitados quedar\u00e1n para el siguiente certamen."}

■ El “Blanquinegro” fue preseleccionado para estar el torneo de la Primera D de AFA. Por estas horas se realizan distintos trámites solicitados por la casa madre del fútbol. Mientras tanto se inicia la temporada donde sólo habrá 12 clubes. Los invitados quedarán para el siguiente certamen.
