{"version":"1.0","provider_name":"NOTICIASMERCEDINAS.COM","provider_url":"https:\/\/noticiasmercedinas.com\/site","author_name":"Betina Abalos NOTICIASMERCEDINAS.COM","author_url":"https:\/\/noticiasmercedinas.com\/site\/author\/betina\/","title":"El T\u00e9mpano present\u00f3 nuevo tema y video","type":"rich","width":600,"height":338,"html":"<blockquote class=\"wp-embedded-content\" data-secret=\"3zwkY9DGCb\"><a href=\"https:\/\/noticiasmercedinas.com\/site\/2022\/09\/13\/el-tempano-presento-nuevo-tema-y-video\/\">El T\u00e9mpano present\u00f3 nuevo tema y video<\/a><\/blockquote><iframe sandbox=\"allow-scripts\" security=\"restricted\" src=\"https:\/\/noticiasmercedinas.com\/site\/2022\/09\/13\/el-tempano-presento-nuevo-tema-y-video\/embed\/#?secret=3zwkY9DGCb\" width=\"600\" height=\"338\" title=\"\u00abEl T\u00e9mpano present\u00f3 nuevo tema y video\u00bb \u2014 NOTICIASMERCEDINAS.COM\" data-secret=\"3zwkY9DGCb\" frameborder=\"0\" marginwidth=\"0\" marginheight=\"0\" scrolling=\"no\" class=\"wp-embedded-content\"><\/iframe><script type=\"text\/javascript\">\n\/* <![CDATA[ *\/\n\/*! This file is auto-generated *\/\n!function(d,l){\"use strict\";l.querySelector&&d.addEventListener&&\"undefined\"!=typeof URL&&(d.wp=d.wp||{},d.wp.receiveEmbedMessage||(d.wp.receiveEmbedMessage=function(e){var t=e.data;if((t||t.secret||t.message||t.value)&&!\/[^a-zA-Z0-9]\/.test(t.secret)){for(var s,r,n,a=l.querySelectorAll('iframe[data-secret=\"'+t.secret+'\"]'),o=l.querySelectorAll('blockquote[data-secret=\"'+t.secret+'\"]'),c=new RegExp(\"^https?:$\",\"i\"),i=0;i<o.length;i++)o[i].style.display=\"none\";for(i=0;i<a.length;i++)s=a[i],e.source===s.contentWindow&&(s.removeAttribute(\"style\"),\"height\"===t.message?(1e3<(r=parseInt(t.value,10))?r=1e3:~~r<200&&(r=200),s.height=r):\"link\"===t.message&&(r=new URL(s.getAttribute(\"src\")),n=new URL(t.value),c.test(n.protocol))&&n.host===r.host&&l.activeElement===s&&(d.top.location.href=t.value))}},d.addEventListener(\"message\",d.wp.receiveEmbedMessage,!1),l.addEventListener(\"DOMContentLoaded\",function(){for(var e,t,s=l.querySelectorAll(\"iframe.wp-embedded-content\"),r=0;r<s.length;r++)(t=(e=s[r]).getAttribute(\"data-secret\"))||(t=Math.random().toString(36).substring(2,12),e.src+=\"#?secret=\"+t,e.setAttribute(\"data-secret\",t)),e.contentWindow.postMessage({message:\"ready\",secret:t},\"*\")},!1)))}(window,document);\n\/\/# sourceURL=https:\/\/noticiasmercedinas.com\/site\/wp-includes\/js\/wp-embed.min.js\n\/* ]]> *\/\n<\/script>\n","thumbnail_url":"https:\/\/noticiasmercedinas.com\/site\/wp-content\/uploads\/2022\/09\/El_Tempano_backstage_espora-2.jpeg","thumbnail_width":640,"thumbnail_height":500,"description":"\u25a0 \"Sue\u00f1os Raros\" es la nueva producci\u00f3n audiovisual que fue filmada en el Almac\u00e9n de Espora entre otras locaciones de nuestra ciudad. Este s\u00e1bado realizar\u00e1n la presentar\u00e1n oficialmente ante el p\u00fablico, desde las 21, en \u201cMitus\u201d."}

El Témpano presentó nuevo tema y video

<blockquote class="wp-embedded-content" data-secret="3zwkY9DGCb"><a href="https://noticiasmercedinas.com/site/2022/09/13/el-tempano-presento-nuevo-tema-y-video/">El Témpano presentó nuevo tema y video</a></blockquote><iframe sandbox="allow-scripts" security="restricted" src="https://noticiasmercedinas.com/site/2022/09/13/el-tempano-presento-nuevo-tema-y-video/embed/#?secret=3zwkY9DGCb" width="600" height="338" title="«El Témpano presentó nuevo tema y video» — NOTICIASMERCEDINAS.COM" data-secret="3zwkY9DGCb" frameborder="0" marginwidth="0" marginheight="0" scrolling="no" class="wp-embedded-content"></iframe><script type="text/javascript">
/* <![CDATA[ */
/*! This file is auto-generated */
!function(d,l){"use strict";l.querySelector&&d.addEventListener&&"undefined"!=typeof URL&&(d.wp=d.wp||{},d.wp.receiveEmbedMessage||(d.wp.receiveEmbedMessage=function(e){var t=e.data;if((t||t.secret||t.message||t.value)&&!/[^a-zA-Z0-9]/.test(t.secret)){for(var s,r,n,a=l.querySelectorAll('iframe[data-secret="'+t.secret+'"]'),o=l.querySelectorAll('blockquote[data-secret="'+t.secret+'"]'),c=new RegExp("^https?:$","i"),i=0;i<o.length;i++)o[i].style.display="none";for(i=0;i<a.length;i++)s=a[i],e.source===s.contentWindow&&(s.removeAttribute("style"),"height"===t.message?(1e3<(r=parseInt(t.value,10))?r=1e3:~~r<200&&(r=200),s.height=r):"link"===t.message&&(r=new URL(s.getAttribute("src")),n=new URL(t.value),c.test(n.protocol))&&n.host===r.host&&l.activeElement===s&&(d.top.location.href=t.value))}},d.addEventListener("message",d.wp.receiveEmbedMessage,!1),l.addEventListener("DOMContentLoaded",function(){for(var e,t,s=l.querySelectorAll("iframe.wp-embedded-content"),r=0;r<s.length;r++)(t=(e=s[r]).getAttribute("data-secret"))||(t=Math.random().toString(36).substring(2,12),e.src+="#?secret="+t,e.setAttribute("data-secret",t)),e.contentWindow.postMessage({message:"ready",secret:t},"*")},!1)))}(window,document);
//# sourceURL=https://noticiasmercedinas.com/site/wp-includes/js/wp-embed.min.js
/* ]]> */
</script>

■ "Sueños Raros" es la nueva producción audiovisual que fue filmada en el Almacén de Espora entre otras locaciones de nuestra ciudad. Este sábado realizarán la presentarán oficialmente ante el público, desde las 21, en “Mitus”.
