{"version":"1.0","provider_name":"NOTICIASMERCEDINAS.COM","provider_url":"https:\/\/noticiasmercedinas.com\/site","author_name":"Juan Dagnino NOTICIASMERCEDINAS.COM","author_url":"https:\/\/noticiasmercedinas.com\/site\/author\/juandagnino\/","title":"Es oficial, Club Mercedes afiliado a la AFA","type":"rich","width":600,"height":338,"html":"<blockquote class=\"wp-embedded-content\" data-secret=\"Q5T9nr1iHg\"><a href=\"https:\/\/noticiasmercedinas.com\/site\/2023\/11\/23\/es-oficial-club-mercedes-afiliado-a-la-afa\/\">Es oficial, Club Mercedes afiliado a la AFA<\/a><\/blockquote><iframe sandbox=\"allow-scripts\" security=\"restricted\" src=\"https:\/\/noticiasmercedinas.com\/site\/2023\/11\/23\/es-oficial-club-mercedes-afiliado-a-la-afa\/embed\/#?secret=Q5T9nr1iHg\" width=\"600\" height=\"338\" title=\"\u00abEs oficial, Club Mercedes afiliado a la AFA\u00bb \u2014 NOTICIASMERCEDINAS.COM\" data-secret=\"Q5T9nr1iHg\" frameborder=\"0\" marginwidth=\"0\" marginheight=\"0\" scrolling=\"no\" class=\"wp-embedded-content\"><\/iframe><script type=\"text\/javascript\">\n\/* <![CDATA[ *\/\n\/*! This file is auto-generated *\/\n!function(d,l){\"use strict\";l.querySelector&&d.addEventListener&&\"undefined\"!=typeof URL&&(d.wp=d.wp||{},d.wp.receiveEmbedMessage||(d.wp.receiveEmbedMessage=function(e){var t=e.data;if((t||t.secret||t.message||t.value)&&!\/[^a-zA-Z0-9]\/.test(t.secret)){for(var s,r,n,a=l.querySelectorAll('iframe[data-secret=\"'+t.secret+'\"]'),o=l.querySelectorAll('blockquote[data-secret=\"'+t.secret+'\"]'),c=new RegExp(\"^https?:$\",\"i\"),i=0;i<o.length;i++)o[i].style.display=\"none\";for(i=0;i<a.length;i++)s=a[i],e.source===s.contentWindow&&(s.removeAttribute(\"style\"),\"height\"===t.message?(1e3<(r=parseInt(t.value,10))?r=1e3:~~r<200&&(r=200),s.height=r):\"link\"===t.message&&(r=new URL(s.getAttribute(\"src\")),n=new URL(t.value),c.test(n.protocol))&&n.host===r.host&&l.activeElement===s&&(d.top.location.href=t.value))}},d.addEventListener(\"message\",d.wp.receiveEmbedMessage,!1),l.addEventListener(\"DOMContentLoaded\",function(){for(var e,t,s=l.querySelectorAll(\"iframe.wp-embedded-content\"),r=0;r<s.length;r++)(t=(e=s[r]).getAttribute(\"data-secret\"))||(t=Math.random().toString(36).substring(2,12),e.src+=\"#?secret=\"+t,e.setAttribute(\"data-secret\",t)),e.contentWindow.postMessage({message:\"ready\",secret:t},\"*\")},!1)))}(window,document);\n\/\/# sourceURL=https:\/\/noticiasmercedinas.com\/site\/wp-includes\/js\/wp-embed.min.js\n\/* ]]> *\/\n<\/script>\n","thumbnail_url":"https:\/\/noticiasmercedinas.com\/site\/wp-content\/uploads\/2023\/11\/F_pE9qLXsAAVFyJ.jpg","thumbnail_width":640,"thumbnail_height":360,"description":"\u25a0 En medio de la Asamblea Ordinaria de este jueves su incorporaci\u00f3n estuvo en el orden del d\u00eda. Desde el 2022 lo hac\u00eda en condici\u00f3n de invitado en la Primera D. Certamen que en el 2024 se unificar\u00e1 con la Primear C."}

■ En medio de la Asamblea Ordinaria de este jueves su incorporación estuvo en el orden del día. Desde el 2022 lo hacía en condición de invitado en la Primera D. Certamen que en el 2024 se unificará con la Primear C.
