{"version":"1.0","provider_name":"NOTICIASMERCEDINAS.COM","provider_url":"https:\/\/noticiasmercedinas.com\/site","author_name":"NOTICIASMERCEDINAS.COM","author_url":"https:\/\/noticiasmercedinas.com\/site\/author\/anonimo\/","title":"Salir de la OMS no ser\u00e1 gratuito","type":"rich","width":600,"height":338,"html":"<blockquote class=\"wp-embedded-content\" data-secret=\"XzETCg6ymV\"><a href=\"https:\/\/noticiasmercedinas.com\/site\/2025\/05\/27\/salir-de-la-oms-no-sera-gratuito\/\">Salir de la OMS no ser\u00e1 gratuito<\/a><\/blockquote><iframe sandbox=\"allow-scripts\" security=\"restricted\" src=\"https:\/\/noticiasmercedinas.com\/site\/2025\/05\/27\/salir-de-la-oms-no-sera-gratuito\/embed\/#?secret=XzETCg6ymV\" width=\"600\" height=\"338\" title=\"\u00abSalir de la OMS no ser\u00e1 gratuito\u00bb \u2014 NOTICIASMERCEDINAS.COM\" data-secret=\"XzETCg6ymV\" frameborder=\"0\" marginwidth=\"0\" marginheight=\"0\" scrolling=\"no\" class=\"wp-embedded-content\"><\/iframe><script type=\"text\/javascript\">\n\/* <![CDATA[ *\/\n\/*! This file is auto-generated *\/\n!function(d,l){\"use strict\";l.querySelector&&d.addEventListener&&\"undefined\"!=typeof URL&&(d.wp=d.wp||{},d.wp.receiveEmbedMessage||(d.wp.receiveEmbedMessage=function(e){var t=e.data;if((t||t.secret||t.message||t.value)&&!\/[^a-zA-Z0-9]\/.test(t.secret)){for(var s,r,n,a=l.querySelectorAll('iframe[data-secret=\"'+t.secret+'\"]'),o=l.querySelectorAll('blockquote[data-secret=\"'+t.secret+'\"]'),c=new RegExp(\"^https?:$\",\"i\"),i=0;i<o.length;i++)o[i].style.display=\"none\";for(i=0;i<a.length;i++)s=a[i],e.source===s.contentWindow&&(s.removeAttribute(\"style\"),\"height\"===t.message?(1e3<(r=parseInt(t.value,10))?r=1e3:~~r<200&&(r=200),s.height=r):\"link\"===t.message&&(r=new URL(s.getAttribute(\"src\")),n=new URL(t.value),c.test(n.protocol))&&n.host===r.host&&l.activeElement===s&&(d.top.location.href=t.value))}},d.addEventListener(\"message\",d.wp.receiveEmbedMessage,!1),l.addEventListener(\"DOMContentLoaded\",function(){for(var e,t,s=l.querySelectorAll(\"iframe.wp-embedded-content\"),r=0;r<s.length;r++)(t=(e=s[r]).getAttribute(\"data-secret\"))||(t=Math.random().toString(36).substring(2,12),e.src+=\"#?secret=\"+t,e.setAttribute(\"data-secret\",t)),e.contentWindow.postMessage({message:\"ready\",secret:t},\"*\")},!1)))}(window,document);\n\/\/# sourceURL=https:\/\/noticiasmercedinas.com\/site\/wp-includes\/js\/wp-embed.min.js\n\/* ]]> *\/\n<\/script>\n","thumbnail_url":"https:\/\/noticiasmercedinas.com\/site\/wp-content\/uploads\/2025\/05\/logo-oms-1.jpg","thumbnail_width":900,"thumbnail_height":500,"description":"Por Mar\u00eda Fernanda Boriotti.\u00a0El mi\u00e9rcoles pasado se oficializ\u00f3 el pedido hecho por el gobierno de Javier Milei de la salida de la Argentina de la Organizaci\u00f3n Mundial de la Salud (OMS). El s\u00e1bado, en el marco de la 78\u00b0 Asamblea Mundial de la Salud que se celebr\u00f3 en Ginebra, el organismo internacional dio por concluida [&hellip;]"}

Salir de la OMS no será gratuito

<blockquote class="wp-embedded-content" data-secret="XzETCg6ymV"><a href="https://noticiasmercedinas.com/site/2025/05/27/salir-de-la-oms-no-sera-gratuito/">Salir de la OMS no será gratuito</a></blockquote><iframe sandbox="allow-scripts" security="restricted" src="https://noticiasmercedinas.com/site/2025/05/27/salir-de-la-oms-no-sera-gratuito/embed/#?secret=XzETCg6ymV" width="600" height="338" title="«Salir de la OMS no será gratuito» — NOTICIASMERCEDINAS.COM" data-secret="XzETCg6ymV" frameborder="0" marginwidth="0" marginheight="0" scrolling="no" class="wp-embedded-content"></iframe><script type="text/javascript">
/* <![CDATA[ */
/*! This file is auto-generated */
!function(d,l){"use strict";l.querySelector&&d.addEventListener&&"undefined"!=typeof URL&&(d.wp=d.wp||{},d.wp.receiveEmbedMessage||(d.wp.receiveEmbedMessage=function(e){var t=e.data;if((t||t.secret||t.message||t.value)&&!/[^a-zA-Z0-9]/.test(t.secret)){for(var s,r,n,a=l.querySelectorAll('iframe[data-secret="'+t.secret+'"]'),o=l.querySelectorAll('blockquote[data-secret="'+t.secret+'"]'),c=new RegExp("^https?:$","i"),i=0;i<o.length;i++)o[i].style.display="none";for(i=0;i<a.length;i++)s=a[i],e.source===s.contentWindow&&(s.removeAttribute("style"),"height"===t.message?(1e3<(r=parseInt(t.value,10))?r=1e3:~~r<200&&(r=200),s.height=r):"link"===t.message&&(r=new URL(s.getAttribute("src")),n=new URL(t.value),c.test(n.protocol))&&n.host===r.host&&l.activeElement===s&&(d.top.location.href=t.value))}},d.addEventListener("message",d.wp.receiveEmbedMessage,!1),l.addEventListener("DOMContentLoaded",function(){for(var e,t,s=l.querySelectorAll("iframe.wp-embedded-content"),r=0;r<s.length;r++)(t=(e=s[r]).getAttribute("data-secret"))||(t=Math.random().toString(36).substring(2,12),e.src+="#?secret="+t,e.setAttribute("data-secret",t)),e.contentWindow.postMessage({message:"ready",secret:t},"*")},!1)))}(window,document);
//# sourceURL=https://noticiasmercedinas.com/site/wp-includes/js/wp-embed.min.js
/* ]]> */
</script>

Por María Fernanda Boriotti. El miércoles pasado se oficializó el pedido hecho por el gobierno de Javier Milei de la salida de la Argentina de la Organización Mundial de la Salud (OMS). El sábado, en el marco de la 78° Asamblea Mundial de la Salud que se celebró en Ginebra, el organismo internacional dio por concluida [&hellip;]
