{"id":1511,"date":"2018-09-10T15:02:02","date_gmt":"2018-09-10T18:02:02","guid":{"rendered":"https:\/\/noticiasmercedinas.com\/site\/?page_id=1511"},"modified":"2021-02-11T12:57:03","modified_gmt":"2021-02-11T15:57:03","slug":"servicios","status":"publish","type":"page","link":"https:\/\/noticiasmercedinas.com\/site\/servicios\/","title":{"rendered":"Servicios"},"content":{"rendered":"<h2>Tel\u00e9fonos \u00fatiles<\/h2>\n<div style=\"text-align: left;\" align=\"center\">\n<hr \/>\n<p>Caracter\u00edstica (02324)<\/p>\n<p>Bomberos 100 \/ 422222<br \/>\nHospital 107 \/ 425555<br \/>\nPolic\u00eda 101 \/ 434325 \/ 423333 \/ 423839<br \/>\nPolic\u00eda Federal 420180<br \/>\nSemmer 427355 \/ 427356<br \/>\nServip 428000<br \/>\nTBA en F.C. Sarmiento 424084<br \/>\nTerminal de \u00d3mnibus 420751<br \/>\nUEPFP en F. C. San Mart\u00edn 432740<\/p>\n<p>Servicios:<br \/>\nAguas Corrientes: 423576<br \/>\nEDEN: 421002 \/ 433535<br \/>\nGas Ban: 0810-333-46226<br \/>\nMilenio Media, Multicanal: 422695 \/ 430352<br \/>\nMunicipalidad (Servicios P\u00fablicos): 428300 \/ 428301<br \/>\nTelef\u00f3nica: Servicio Telegesti\u00f3n 112 \/ Servicio de Reparaciones 114<br \/>\nTele RED: 433440 \/ 432262<\/p>\n<p><strong>Sistema \u00fanico de reclamos Tel: 147 \/ 0800-333-0967<\/strong><\/p>\n<p>Servicio Penitenciario Tel: 02324-421972 \/ 424759<\/p>\n<p>Patrulla Rural Tel: 02324-433588<\/p>\n<p>Municipalidad Tel: 02324-437900<\/p>\n<p>Tribunales Tel: 02324-439100<\/p>\n<p>Registro Civil Tel: 02324-426332<\/p>\n<p>CIC Tel: 02324-425503 \/ 426332<\/p>\n<p>PAMI Tel: 02324-420169<\/p>\n<p>ANSES Tel: 02324-420730 \/ 424778<\/p>\n<p>AFIP Tel: 02324-420220<\/p>\n<p>RENTAS Tel: 02324-425612 \/ 424718<\/p>\n<p>IOMA Tel: 02324-434897 \/ 427528<\/p>\n<p>Consejo Escolar Tel: 02324-420118 \/ 425205<\/p>\n<p>Ministerio de Trabajo Tel: 02324-420045 \/ 423258<\/p>\n<p>Correo Tel: 02324-430333 \/ 427597<\/p>\n<p><strong>Taxis<\/strong><\/p>\n<p>La Union Tel: 02324-421777 \/ 424212<\/p>\n<p>Mi Taxi Tel: 02324-428005 \/ 428015<\/p>\n<p>Radio Taxi Tel: 02324-420651 \/ 424379<\/p>\n<p>Taxi 404 Tel: 02324-424404<\/p>\n<p>Taxi Mitre Tel: 02324-423061 \/ 431666<\/p>\n<p>Taxi Ya Tel: 02324-434700<\/p>\n<p><strong>Remises<\/strong><\/p>\n<p>La Amistad Tel: 02324-434317 \/ 434371<\/p>\n<p>Pronto Tel: 02324-432000 \/ 432001<\/p>\n<p>Centro Tel: 02324-422764<\/p>\n<p>Su Remis Tel: 02324-432222<\/p>\n<p>Tu Mejor Remis Tel: 02324-434313 \/ 434399<\/p>\n<h2>Horarios de trenes FFCC Sarmiento<\/h2>\n<hr \/>\n<p><strong>TRENES ARGENTINOS <\/strong><br \/>\n<strong>Horarios actualizados a Febrero 2021<\/strong><\/p>\n<p><strong>De Mercedes a Capital<\/strong><br \/>\nLunes 4:58 (l\u00ednea Sarmiento &#8211; Llega a Once 7,48) Valor $72\/$86<br \/>\nLunes 5:15 (l\u00ednea San Martin &#8211; Llega a Retiro 8:00) Valor $110\/$135<br \/>\nMi\u00e9rcoles 5:15 (l\u00ednea San Martin &#8211; Llega a Retiro 8:00) Valor $110\/$135<br \/>\nMi\u00e9rcoles 7:50 (l\u00ednea Sarmiento &#8211; Llega a Once 10:40) Valor $72\/$86<\/p>\n<p><strong>De Capital a Mercedes<\/strong><br \/>\nLunes 18:00 (Retiro &#8211; Llega a Mercedes 20:11) Valor $110\/$135<br \/>\nLunes 18:35 (Once &#8211; Llega a Mercedes 21:15) Valor Valor $72\/$86<br \/>\nViernes 18:00 (Retiro &#8211; Llega a Mercedes 20:11) Valor $110\/$135<br \/>\nViernes 18:35 (Once &#8211; Llega a Mercedes 21:15) Valor $72\/$86<\/p>\n<p>Los pasajes se pueden sacar online en:<br \/>\n<strong><span style=\"color: #000080;\">https:\/\/webventas.sofse.gob.ar\/<\/span><\/strong><br \/>\nO desde la App para celulares \u201cTrenes Argentinos\u201d<\/p>\n<p>&nbsp;<\/p>\n<h2>Zonas Wi Fi<\/h2>\n<hr \/>\n<\/div>\n<p><iframe loading=\"lazy\" src=\"https:\/\/www.google.com\/maps\/d\/embed?mid=1kSNnB0UUSXpqmToYSbO7QReOhfM\" width=\"640\" height=\"480\"><\/iframe><\/p>\n<h2>Estacionamiento medido: puntos de venta y terminales<\/h2>\n<hr \/>\n<h2><iframe loading=\"lazy\" src=\"https:\/\/www.google.com\/maps\/d\/embed?mid=1OzTu5wqKFCF5sYKC5SnmConelPg\" width=\"640\" height=\"480\"><\/iframe><\/h2>\n<h2>Sorteos: Loter\u00edas y quinielas<\/h2>\n<hr \/>\n<p><iframe loading=\"lazy\" src=\"http:\/\/www.tujugada.com.ar\/data\/qlas\/cabezas_web.htm\" width=\"472\" height=\"290\" frameborder=\"no\" scrolling=\"no\"><\/iframe><\/p>\n<div style=\"font: 11px tahoma,sans-serif; width: 325px; text-align: center;\"><a href=\"http:\/\/www.tujugada.com.ar\" target=\"_blank\" rel=\"noopener noreferrer\">* Resultados quinielas quini 6 loto loterias telekino<img decoding=\"async\" src=\"http:\/\/www.tujugada.com.ar\/editar.gif\" alt=\"Resultados quinielas, quini 6, loto, loterias, telekino\" border=\"0\" \/><\/a><\/div>\n","protected":false},"excerpt":{"rendered":"<p>Tel\u00e9fonos \u00fatiles Caracter\u00edstica (02324) Bomberos 100 \/ 422222 Hospital 107 \/ 425555 Polic\u00eda 101 \/ 434325 \/ 423333 \/ 423839 Polic\u00eda Federal 420180 Semmer 427355 \/ 427356 Servip 428000 TBA en F.C. Sarmiento 424084 Terminal de \u00d3mnibus 420751 UEPFP en F. C. San Mart\u00edn 432740 Servicios: Aguas Corrientes: 423576 EDEN: 421002 \/ 433535 Gas Ban: [&hellip;]<\/p>\n","protected":false},"author":2,"featured_media":0,"parent":0,"menu_order":0,"comment_status":"closed","ping_status":"closed","template":"","meta":{"footnotes":""},"class_list":["post-1511","page","type-page","status-publish","hentry"],"yoast_head":"<!-- This site is optimized with the Yoast SEO plugin v27.4 - https:\/\/yoast.com\/product\/yoast-seo-wordpress\/ -->\n<title>Servicios &#8211; NOTICIASMERCEDINAS.COM<\/title>\n<meta name=\"robots\" content=\"index, follow, max-snippet:-1, max-image-preview:large, max-video-preview:-1\" \/>\n<link rel=\"canonical\" href=\"https:\/\/noticiasmercedinas.com\/site\/servicios\/\" \/>\n<meta property=\"og:locale\" content=\"es_ES\" \/>\n<meta property=\"og:type\" content=\"article\" \/>\n<meta property=\"og:title\" content=\"Servicios &#8211; NOTICIASMERCEDINAS.COM\" \/>\n<meta property=\"og:description\" content=\"Tel\u00e9fonos \u00fatiles Caracter\u00edstica (02324) Bomberos 100 \/ 422222 Hospital 107 \/ 425555 Polic\u00eda 101 \/ 434325 \/ 423333 \/ 423839 Polic\u00eda Federal 420180 Semmer 427355 \/ 427356 Servip 428000 TBA en F.C. Sarmiento 424084 Terminal de \u00d3mnibus 420751 UEPFP en F. C. San Mart\u00edn 432740 Servicios: Aguas Corrientes: 423576 EDEN: 421002 \/ 433535 Gas Ban: [&hellip;]\" \/>\n<meta property=\"og:url\" content=\"https:\/\/noticiasmercedinas.com\/site\/servicios\/\" \/>\n<meta property=\"og:site_name\" content=\"NOTICIASMERCEDINAS.COM\" \/>\n<meta property=\"article:publisher\" content=\"https:\/\/www.facebook.com\/noticiasmercedinas\/\" \/>\n<meta property=\"article:modified_time\" content=\"2021-02-11T15:57:03+00:00\" \/>\n<meta property=\"og:image\" content=\"http:\/\/www.tujugada.com.ar\/editar.gif\" \/>\n<meta name=\"twitter:card\" content=\"summary_large_image\" \/>\n<meta name=\"twitter:site\" content=\"@notmercedinas\" \/>\n<meta name=\"twitter:label1\" content=\"Tiempo de lectura\" \/>\n\t<meta name=\"twitter:data1\" content=\"2 minutos\" \/>\n<script type=\"application\/ld+json\" class=\"yoast-schema-graph\">{\"@context\":\"https:\\\/\\\/schema.org\",\"@graph\":[{\"@type\":\"WebPage\",\"@id\":\"https:\\\/\\\/noticiasmercedinas.com\\\/site\\\/servicios\\\/\",\"url\":\"https:\\\/\\\/noticiasmercedinas.com\\\/site\\\/servicios\\\/\",\"name\":\"Servicios &#8211; NOTICIASMERCEDINAS.COM\",\"isPartOf\":{\"@id\":\"https:\\\/\\\/noticiasmercedinas.com\\\/site\\\/#website\"},\"primaryImageOfPage\":{\"@id\":\"https:\\\/\\\/noticiasmercedinas.com\\\/site\\\/servicios\\\/#primaryimage\"},\"image\":{\"@id\":\"https:\\\/\\\/noticiasmercedinas.com\\\/site\\\/servicios\\\/#primaryimage\"},\"thumbnailUrl\":\"http:\\\/\\\/www.tujugada.com.ar\\\/editar.gif\",\"datePublished\":\"2018-09-10T18:02:02+00:00\",\"dateModified\":\"2021-02-11T15:57:03+00:00\",\"breadcrumb\":{\"@id\":\"https:\\\/\\\/noticiasmercedinas.com\\\/site\\\/servicios\\\/#breadcrumb\"},\"inLanguage\":\"es\",\"potentialAction\":[{\"@type\":\"ReadAction\",\"target\":[\"https:\\\/\\\/noticiasmercedinas.com\\\/site\\\/servicios\\\/\"]}]},{\"@type\":\"ImageObject\",\"inLanguage\":\"es\",\"@id\":\"https:\\\/\\\/noticiasmercedinas.com\\\/site\\\/servicios\\\/#primaryimage\",\"url\":\"http:\\\/\\\/www.tujugada.com.ar\\\/editar.gif\",\"contentUrl\":\"http:\\\/\\\/www.tujugada.com.ar\\\/editar.gif\"},{\"@type\":\"BreadcrumbList\",\"@id\":\"https:\\\/\\\/noticiasmercedinas.com\\\/site\\\/servicios\\\/#breadcrumb\",\"itemListElement\":[{\"@type\":\"ListItem\",\"position\":1,\"name\":\"Portada\",\"item\":\"https:\\\/\\\/noticiasmercedinas.com\\\/site\\\/\"},{\"@type\":\"ListItem\",\"position\":2,\"name\":\"Servicios\"}]},{\"@type\":\"WebSite\",\"@id\":\"https:\\\/\\\/noticiasmercedinas.com\\\/site\\\/#website\",\"url\":\"https:\\\/\\\/noticiasmercedinas.com\\\/site\\\/\",\"name\":\"NOTICIASMERCEDINAS.COM\",\"description\":\"Mercedes, Buenos Aires, Argentina\",\"publisher\":{\"@id\":\"https:\\\/\\\/noticiasmercedinas.com\\\/site\\\/#organization\"},\"potentialAction\":[{\"@type\":\"SearchAction\",\"target\":{\"@type\":\"EntryPoint\",\"urlTemplate\":\"https:\\\/\\\/noticiasmercedinas.com\\\/site\\\/?s={search_term_string}\"},\"query-input\":{\"@type\":\"PropertyValueSpecification\",\"valueRequired\":true,\"valueName\":\"search_term_string\"}}],\"inLanguage\":\"es\"},{\"@type\":\"Organization\",\"@id\":\"https:\\\/\\\/noticiasmercedinas.com\\\/site\\\/#organization\",\"name\":\"NOTICIASMERCEDINAS.COM\",\"url\":\"https:\\\/\\\/noticiasmercedinas.com\\\/site\\\/\",\"logo\":{\"@type\":\"ImageObject\",\"inLanguage\":\"es\",\"@id\":\"https:\\\/\\\/noticiasmercedinas.com\\\/site\\\/#\\\/schema\\\/logo\\\/image\\\/\",\"url\":\"https:\\\/\\\/noticiasmercedinas.com\\\/site\\\/wp-content\\\/uploads\\\/2020\\\/06\\\/LOGO-512.jpg\",\"contentUrl\":\"https:\\\/\\\/noticiasmercedinas.com\\\/site\\\/wp-content\\\/uploads\\\/2020\\\/06\\\/LOGO-512.jpg\",\"width\":512,\"height\":512,\"caption\":\"NOTICIASMERCEDINAS.COM\"},\"image\":{\"@id\":\"https:\\\/\\\/noticiasmercedinas.com\\\/site\\\/#\\\/schema\\\/logo\\\/image\\\/\"},\"sameAs\":[\"https:\\\/\\\/www.facebook.com\\\/noticiasmercedinas\\\/\",\"https:\\\/\\\/x.com\\\/notmercedinas\",\"https:\\\/\\\/www.instagram.com\\\/noticiasmercedinas\\\/\"]}]}<\/script>\n<!-- \/ Yoast SEO plugin. -->","yoast_head_json":{"title":"Servicios &#8211; NOTICIASMERCEDINAS.COM","robots":{"index":"index","follow":"follow","max-snippet":"max-snippet:-1","max-image-preview":"max-image-preview:large","max-video-preview":"max-video-preview:-1"},"canonical":"https:\/\/noticiasmercedinas.com\/site\/servicios\/","og_locale":"es_ES","og_type":"article","og_title":"Servicios &#8211; NOTICIASMERCEDINAS.COM","og_description":"Tel\u00e9fonos \u00fatiles Caracter\u00edstica (02324) Bomberos 100 \/ 422222 Hospital 107 \/ 425555 Polic\u00eda 101 \/ 434325 \/ 423333 \/ 423839 Polic\u00eda Federal 420180 Semmer 427355 \/ 427356 Servip 428000 TBA en F.C. Sarmiento 424084 Terminal de \u00d3mnibus 420751 UEPFP en F. C. San Mart\u00edn 432740 Servicios: Aguas Corrientes: 423576 EDEN: 421002 \/ 433535 Gas Ban: [&hellip;]","og_url":"https:\/\/noticiasmercedinas.com\/site\/servicios\/","og_site_name":"NOTICIASMERCEDINAS.COM","article_publisher":"https:\/\/www.facebook.com\/noticiasmercedinas\/","article_modified_time":"2021-02-11T15:57:03+00:00","og_image":[{"url":"http:\/\/www.tujugada.com.ar\/editar.gif","type":"","width":"","height":""}],"twitter_card":"summary_large_image","twitter_site":"@notmercedinas","twitter_misc":{"Tiempo de lectura":"2 minutos"},"schema":{"@context":"https:\/\/schema.org","@graph":[{"@type":"WebPage","@id":"https:\/\/noticiasmercedinas.com\/site\/servicios\/","url":"https:\/\/noticiasmercedinas.com\/site\/servicios\/","name":"Servicios &#8211; NOTICIASMERCEDINAS.COM","isPartOf":{"@id":"https:\/\/noticiasmercedinas.com\/site\/#website"},"primaryImageOfPage":{"@id":"https:\/\/noticiasmercedinas.com\/site\/servicios\/#primaryimage"},"image":{"@id":"https:\/\/noticiasmercedinas.com\/site\/servicios\/#primaryimage"},"thumbnailUrl":"http:\/\/www.tujugada.com.ar\/editar.gif","datePublished":"2018-09-10T18:02:02+00:00","dateModified":"2021-02-11T15:57:03+00:00","breadcrumb":{"@id":"https:\/\/noticiasmercedinas.com\/site\/servicios\/#breadcrumb"},"inLanguage":"es","potentialAction":[{"@type":"ReadAction","target":["https:\/\/noticiasmercedinas.com\/site\/servicios\/"]}]},{"@type":"ImageObject","inLanguage":"es","@id":"https:\/\/noticiasmercedinas.com\/site\/servicios\/#primaryimage","url":"http:\/\/www.tujugada.com.ar\/editar.gif","contentUrl":"http:\/\/www.tujugada.com.ar\/editar.gif"},{"@type":"BreadcrumbList","@id":"https:\/\/noticiasmercedinas.com\/site\/servicios\/#breadcrumb","itemListElement":[{"@type":"ListItem","position":1,"name":"Portada","item":"https:\/\/noticiasmercedinas.com\/site\/"},{"@type":"ListItem","position":2,"name":"Servicios"}]},{"@type":"WebSite","@id":"https:\/\/noticiasmercedinas.com\/site\/#website","url":"https:\/\/noticiasmercedinas.com\/site\/","name":"NOTICIASMERCEDINAS.COM","description":"Mercedes, Buenos Aires, Argentina","publisher":{"@id":"https:\/\/noticiasmercedinas.com\/site\/#organization"},"potentialAction":[{"@type":"SearchAction","target":{"@type":"EntryPoint","urlTemplate":"https:\/\/noticiasmercedinas.com\/site\/?s={search_term_string}"},"query-input":{"@type":"PropertyValueSpecification","valueRequired":true,"valueName":"search_term_string"}}],"inLanguage":"es"},{"@type":"Organization","@id":"https:\/\/noticiasmercedinas.com\/site\/#organization","name":"NOTICIASMERCEDINAS.COM","url":"https:\/\/noticiasmercedinas.com\/site\/","logo":{"@type":"ImageObject","inLanguage":"es","@id":"https:\/\/noticiasmercedinas.com\/site\/#\/schema\/logo\/image\/","url":"https:\/\/noticiasmercedinas.com\/site\/wp-content\/uploads\/2020\/06\/LOGO-512.jpg","contentUrl":"https:\/\/noticiasmercedinas.com\/site\/wp-content\/uploads\/2020\/06\/LOGO-512.jpg","width":512,"height":512,"caption":"NOTICIASMERCEDINAS.COM"},"image":{"@id":"https:\/\/noticiasmercedinas.com\/site\/#\/schema\/logo\/image\/"},"sameAs":["https:\/\/www.facebook.com\/noticiasmercedinas\/","https:\/\/x.com\/notmercedinas","https:\/\/www.instagram.com\/noticiasmercedinas\/"]}]}},"amp_enabled":true,"_links":{"self":[{"href":"https:\/\/noticiasmercedinas.com\/site\/wp-json\/wp\/v2\/pages\/1511","targetHints":{"allow":["GET"]}}],"collection":[{"href":"https:\/\/noticiasmercedinas.com\/site\/wp-json\/wp\/v2\/pages"}],"about":[{"href":"https:\/\/noticiasmercedinas.com\/site\/wp-json\/wp\/v2\/types\/page"}],"author":[{"embeddable":true,"href":"https:\/\/noticiasmercedinas.com\/site\/wp-json\/wp\/v2\/users\/2"}],"replies":[{"embeddable":true,"href":"https:\/\/noticiasmercedinas.com\/site\/wp-json\/wp\/v2\/comments?post=1511"}],"version-history":[{"count":8,"href":"https:\/\/noticiasmercedinas.com\/site\/wp-json\/wp\/v2\/pages\/1511\/revisions"}],"predecessor-version":[{"id":61364,"href":"https:\/\/noticiasmercedinas.com\/site\/wp-json\/wp\/v2\/pages\/1511\/revisions\/61364"}],"wp:attachment":[{"href":"https:\/\/noticiasmercedinas.com\/site\/wp-json\/wp\/v2\/media?parent=1511"}],"curies":[{"name":"wp","href":"https:\/\/api.w.org\/{rel}","templated":true}]}}