{"id":163731,"date":"2025-07-10T18:38:22","date_gmt":"2025-07-10T21:38:22","guid":{"rendered":"https:\/\/noticiasmercedinas.com\/site\/?page_id=163731"},"modified":"2025-08-13T10:07:04","modified_gmt":"2025-08-13T13:07:04","slug":"suscribite-a-noticias-mercedinas","status":"publish","type":"page","link":"https:\/\/noticiasmercedinas.com\/site\/suscribite-a-noticias-mercedinas\/","title":{"rendered":"SUSCRIBITE A NOTICIAS MERCEDINAS"},"content":{"rendered":"<p><img loading=\"lazy\" decoding=\"async\" class=\"size-full wp-image-164116 aligncenter\" src=\"https:\/\/noticiasmercedinas.com\/site\/wp-content\/uploads\/2025\/07\/REGALA2.png\" alt=\"\" width=\"606\" height=\"214\" srcset=\"https:\/\/noticiasmercedinas.com\/site\/wp-content\/uploads\/2025\/07\/REGALA2.png 606w, https:\/\/noticiasmercedinas.com\/site\/wp-content\/uploads\/2025\/07\/REGALA2-300x106.png 300w\" sizes=\"auto, (max-width: 606px) 100vw, 606px\" \/><\/p>\n<h3 style=\"text-align: left;\"><strong>\u00bfQuer\u00e9s estar bien informado y apoyar el periodismo de tu ciudad?<\/strong><\/h3>\n<h3 style=\"text-align: left;\"><strong>&#x1f4f2;\u00a0<\/strong><strong>Noticias Mercedinas<\/strong> lanza su sistema de suscripci\u00f3n.<\/h3>\n<p style=\"text-align: left;\">Con solo <strong>$10.000 al a\u00f1o o $1.000 por mes<\/strong>, recib\u00eds en tu WhatsApp una selecci\u00f3n exclusiva de noticias importantes, elegidas por el editor. Y ayud\u00e1s a que este medio local, con casi 20 a\u00f1os de trayectoria, siga funcionando de manera independiente y -de paso- siga siendo visible para vos.<\/p>\n<h3><strong>SUSCRIPCION<\/strong><\/h3>\n<h3 style=\"text-align: center;\"><span style=\"color: #008080;\"><strong>PASO 1<\/strong><\/span><\/h3>\n<h3 style=\"text-align: center;\"><strong>a.\u00a0 Pag\u00e1 $10.000 anual por MercadoPago:<\/strong><\/h3>\n<h3 style=\"text-align: center;\"><script src=\"https:\/\/www.mercadopago.com.ar\/integrations\/v1\/web-payment-checkout.js\" data-preference-id=\"76556680-4957181c-ed14-45fe-a5d9-0ebed971965f\" data-source=\"button\">\n<\/script><\/h3>\n<h3 style=\"text-align: center;\"><strong>o transfer\u00ed el importe al alias noticias.mercedinas<\/strong><\/h3>\n<hr \/>\n<h3 style=\"text-align: center;\"><strong><br \/>\nb. O bien pag\u00e1 $1.000 por mes por d\u00e9bito autom\u00e1tico<\/strong><br \/>\n<strong><br \/>\n<a class=\"blue-button\" href=\"https:\/\/www.mercadopago.com.ar\/subscriptions\/checkout?preapproval_plan_id=2c93808497f5fad1019800a4abbd03eb\" name=\"MP-payButton\">Suscribirme<\/a><\/strong><\/h3>\n<p>&nbsp;<\/p>\n<style>\n.blue-button {<br \/>background-color: #3483FA;<br \/>color: white;<br \/>padding: 10px 24px;<br \/>text-decoration: none;<br \/>border-radius: 5px;<br \/>display: inline-block;<br \/>font-size: 16px;<br \/>transition: background-color 0.3s;<br \/>font-family: Arial, sans-serif;<br \/>}<br \/>.blue-button:hover {<br \/>background-color: #2a68c8;<br \/>}<br \/><\/style>\n<p>&nbsp;<\/p>\n<p style=\"text-align: center;\"><strong><script type=\"text\/javascript\">\n   (function() {\n      function $MPC_load() {\n         window.$MPC_loaded !== true && (function() {\n         var s = document.createElement(\"script\");\n         s.type = \"text\/javascript\";\n         s.async = true;\n         s.src = document.location.protocol + \"\/\/secure.mlstatic.com\/mptools\/render.js\";\n         var x = document.getElementsByTagName('script')[0];\n         x.parentNode.insertBefore(s, x);\n         window.$MPC_loaded = true;\n      })();\n   }\n   window.$MPC_loaded !== true ? (window.attachEvent ? window.attachEvent('onload', $MPC_load) : window.addEventListener('load', $MPC_load, false)) : null;\n   })();\n  \/*\n        \/\/ to receive event with message when closing modal from congrants back to site\n        function $MPC_message(event) {\n          \/\/ onclose modal ->CALLBACK FUNCTION\n         \/\/ !!!!!!!!FUNCTION_CALLBACK HERE Received message: {event.data} preapproval_id !!!!!!!!\n        }\n        window.$MPC_loaded !== true ? (window.addEventListener(\"message\", $MPC_message)) : null; \n        *\/\n<\/script><\/strong><\/p>\n<p>&nbsp;<\/p>\n<p>&nbsp;<\/p>\n<p>&nbsp;<\/p>\n<h3 style=\"text-align: center;\"><strong><span style=\"color: #008080;\">PASO 2<\/span><\/strong><\/h3>\n<h3 style=\"text-align: center;\"><strong>Sumate: ingres\u00e1 al formulario y registrate<\/strong><\/h3>\n<p><a href=\"https:\/\/forms.gle\/kYFkfUwdfP1wmh5E8\" target=\"_blank\" rel=\"noopener\"><img loading=\"lazy\" decoding=\"async\" class=\"wp-image-164393 size-full aligncenter\" src=\"https:\/\/noticiasmercedinas.com\/site\/wp-content\/uploads\/2025\/07\/DATOS.png\" alt=\"\" width=\"176\" height=\"42\" \/><\/a><\/p>\n<p>&nbsp;<\/p>\n<p>&nbsp;<\/p>\n<p>&nbsp;<\/p>\n<h3><strong>Noticias Mercedinas abre una comunidad para seguir informados<\/strong><\/h3>\n<p>El objetivo de crear esta comunidad es poder mantener a los que usan este sitio alertas ante el avance de la IA en el sistema comunicacional digital que abarca todo lo conocido, y poder tener con los suscriptores y con los lectores de <em>Noticias Mercedinas<\/em> que se sumen, un di\u00e1logo directo y (menos) mediado, que responda a sus intereses m\u00e1s locales en la comunidad real que conformamos cada uno desde nuestro lugar de pertenencia.<\/p>\n<p><strong>\u00bfPor qu\u00e9 se da esto?<\/strong><\/p>\n<p>Tal cual se viene teorizando desde hace unos cuantos a\u00f1os en \u00e1mbitos espec\u00edficos sobre el periodismo y las nuevas tecnolog\u00edas, los intereses corporativos que manejan al mundo se han metido de lleno con las personas, y no contentos con el manejo de la biopol\u00edtica de nuestras vidas ahora est\u00e1n limitando el acceso a contenidos a trav\u00e9s de la manipulaci\u00f3n de algoritmos e Inteligencia Artificial con la que, entre otras cosas, ya no se tiene acceso\u00a0 directo a los medios de comunicaci\u00f3n a trav\u00e9s de los buscadores como Google, que son nuestras ventanas de conexi\u00f3n con lo que nos rodea. Como nuevas Wikipedias a medida de nuestros deseos, las configuramos y saben todo de nosotros, por eso nos devuelven resultados que a los grandes intereses le conviene m\u00e1s que a los peque\u00f1os, lo que genera una <em>desigualdad creciente<\/em>.<\/p>\n<p>Desde nuestro peque\u00f1o inter\u00e9s por la ciudad de Mercedes, en la que hacemos periodismo desde hace a\u00f1os y un 25 de junio de 2006, hace ya casi 20, decidimos emprender en este medio digital, resistimos de esta manera al embate artificial y creamos un espacio para estar juntos y acompa\u00f1ados, con libertad de pensar por nosotros mismos, como seres humanos que se comunican.<\/p>\n<blockquote class=\"wp-embedded-content\" data-secret=\"SDCPILnn4D\"><p><a href=\"https:\/\/noticiasmercedinas.com\/site\/suscribite-a-noticias-mercedinas\/\">SUSCRIBITE A NOTICIAS MERCEDINAS<\/a><\/p><\/blockquote>\n<p><iframe loading=\"lazy\" class=\"wp-embedded-content\" sandbox=\"allow-scripts\" security=\"restricted\" style=\"position: absolute; visibility: hidden;\" title=\"\u00abSUSCRIBITE A NOTICIAS MERCEDINAS\u00bb \u2014 NOTICIASMERCEDINAS.COM\" src=\"https:\/\/noticiasmercedinas.com\/site\/suscribite-a-noticias-mercedinas\/embed\/#?secret=GIbo9PidhA#?secret=SDCPILnn4D\" data-secret=\"SDCPILnn4D\" width=\"600\" height=\"338\" frameborder=\"0\" marginwidth=\"0\" marginheight=\"0\" scrolling=\"no\"><\/iframe><\/p>\n<p style=\"text-align: center;\"><strong>Adem\u00e1s<\/strong><\/p>\n<p><img loading=\"lazy\" decoding=\"async\" class=\"size-full wp-image-164115 aligncenter\" src=\"https:\/\/noticiasmercedinas.com\/site\/wp-content\/uploads\/2025\/07\/REGALA1.png\" alt=\"\" width=\"676\" height=\"306\" srcset=\"https:\/\/noticiasmercedinas.com\/site\/wp-content\/uploads\/2025\/07\/REGALA1.png 676w, https:\/\/noticiasmercedinas.com\/site\/wp-content\/uploads\/2025\/07\/REGALA1-300x136.png 300w, https:\/\/noticiasmercedinas.com\/site\/wp-content\/uploads\/2025\/07\/REGALA1-640x290.png 640w\" sizes=\"auto, (max-width: 676px) 100vw, 676px\" \/><\/p>\n<p style=\"text-align: left;\"><strong>PREGUNTAS COMUNES<\/strong><\/p>\n<p><strong>\u00bfQu\u00e9 estamos haciendo?<\/strong><\/p>\n<p style=\"text-align: left;\">Periodismo digital. Nuestro trabajo\u00a0se inici\u00f3 en el a\u00f1o 2006 y desde entonces conservamos\u00a0<a href=\"https:\/\/noticiasmercedinas.com\/site\/archivo\/\" target=\"_blank\" rel=\"noopener noreferrer\">el archivo diario<\/a> de informaci\u00f3n de todo lo que sucede en la ciudad de Mercedes, Buenos Aires, y con su gente.<\/p>\n<p style=\"text-align: left;\"><strong>\u00bfQu\u00e9 beneficios extra tendr\u00e1s siendo suscriptor?<\/strong><\/p>\n<p style=\"text-align: left;\">Podr\u00e1s participar\u00a0sorteos y adem\u00e1s obtener regalos exclusivos (entradas a eventos, ejemplares, descuentos, servicios, y otros).<\/p>\n<p><img loading=\"lazy\" decoding=\"async\" class=\"alignnone size-full wp-image-163739\" src=\"https:\/\/noticiasmercedinas.com\/site\/wp-content\/uploads\/2025\/07\/imagen_2025-07-10_193117586.png\" alt=\"\" width=\"1084\" height=\"235\" srcset=\"https:\/\/noticiasmercedinas.com\/site\/wp-content\/uploads\/2025\/07\/imagen_2025-07-10_193117586.png 1084w, https:\/\/noticiasmercedinas.com\/site\/wp-content\/uploads\/2025\/07\/imagen_2025-07-10_193117586-300x65.png 300w, https:\/\/noticiasmercedinas.com\/site\/wp-content\/uploads\/2025\/07\/imagen_2025-07-10_193117586-1024x222.png 1024w, https:\/\/noticiasmercedinas.com\/site\/wp-content\/uploads\/2025\/07\/imagen_2025-07-10_193117586-768x166.png 768w, https:\/\/noticiasmercedinas.com\/site\/wp-content\/uploads\/2025\/07\/imagen_2025-07-10_193117586-640x139.png 640w, https:\/\/noticiasmercedinas.com\/site\/wp-content\/uploads\/2025\/07\/imagen_2025-07-10_193117586-681x148.png 681w\" sizes=\"auto, (max-width: 1084px) 100vw, 1084px\" \/><\/p>\n<p>&nbsp;<\/p>\n<p><strong>Gracias por apoyar al periodismo y a <em data-start=\"3422\" data-end=\"3443\">Noticias Mercedinas<\/em>. <\/strong><a href=\"https:\/\/noticiasmercedinas.com\/site\/suscribite-a-noticias-mercedinas\/aviso-legal-sistema-de-suscripciones\/\">AVISO LEGAL<\/a><\/p>\n","protected":false},"excerpt":{"rendered":"<p>\u00bfQuer\u00e9s estar bien informado y apoyar el periodismo de tu ciudad? &#x1f4f2;\u00a0Noticias Mercedinas lanza su sistema de suscripci\u00f3n. Con solo $10.000 al a\u00f1o o $1.000 por mes, recib\u00eds en tu WhatsApp una selecci\u00f3n exclusiva de noticias importantes, elegidas por el editor. Y ayud\u00e1s a que este medio local, con casi 20 a\u00f1os de trayectoria, siga [&hellip;]<\/p>\n","protected":false},"author":2,"featured_media":0,"parent":0,"menu_order":0,"comment_status":"closed","ping_status":"closed","template":"","meta":{"footnotes":""},"class_list":["post-163731","page","type-page","status-publish","hentry"],"yoast_head":"<!-- This site is optimized with the Yoast SEO plugin v27.4 - https:\/\/yoast.com\/product\/yoast-seo-wordpress\/ -->\n<title>SUSCRIBITE A NOTICIAS MERCEDINAS &#8211; NOTICIASMERCEDINAS.COM<\/title>\n<meta name=\"robots\" content=\"index, follow, max-snippet:-1, max-image-preview:large, max-video-preview:-1\" \/>\n<link rel=\"canonical\" href=\"https:\/\/noticiasmercedinas.com\/site\/suscribite-a-noticias-mercedinas\/\" \/>\n<meta property=\"og:locale\" content=\"es_ES\" \/>\n<meta property=\"og:type\" content=\"article\" \/>\n<meta property=\"og:title\" content=\"SUSCRIBITE A NOTICIAS MERCEDINAS &#8211; NOTICIASMERCEDINAS.COM\" \/>\n<meta property=\"og:description\" content=\"\u00bfQuer\u00e9s estar bien informado y apoyar el periodismo de tu ciudad? &#x1f4f2;\u00a0Noticias Mercedinas lanza su sistema de suscripci\u00f3n. Con solo $10.000 al a\u00f1o o $1.000 por mes, recib\u00eds en tu WhatsApp una selecci\u00f3n exclusiva de noticias importantes, elegidas por el editor. Y ayud\u00e1s a que este medio local, con casi 20 a\u00f1os de trayectoria, siga [&hellip;]\" \/>\n<meta property=\"og:url\" content=\"https:\/\/noticiasmercedinas.com\/site\/suscribite-a-noticias-mercedinas\/\" \/>\n<meta property=\"og:site_name\" content=\"NOTICIASMERCEDINAS.COM\" \/>\n<meta property=\"article:publisher\" content=\"https:\/\/www.facebook.com\/noticiasmercedinas\/\" \/>\n<meta property=\"article:modified_time\" content=\"2025-08-13T13:07:04+00:00\" \/>\n<meta property=\"og:image\" content=\"https:\/\/noticiasmercedinas.com\/site\/wp-content\/uploads\/2025\/07\/REGALA2.png\" \/>\n\t<meta property=\"og:image:width\" content=\"606\" \/>\n\t<meta property=\"og:image:height\" content=\"214\" \/>\n\t<meta property=\"og:image:type\" content=\"image\/png\" \/>\n<meta name=\"twitter:card\" content=\"summary_large_image\" \/>\n<meta name=\"twitter:site\" content=\"@notmercedinas\" \/>\n<meta name=\"twitter:label1\" content=\"Tiempo de lectura\" \/>\n\t<meta name=\"twitter:data1\" content=\"3 minutos\" \/>\n<script type=\"application\/ld+json\" class=\"yoast-schema-graph\">{\"@context\":\"https:\\\/\\\/schema.org\",\"@graph\":[{\"@type\":\"WebPage\",\"@id\":\"https:\\\/\\\/noticiasmercedinas.com\\\/site\\\/suscribite-a-noticias-mercedinas\\\/\",\"url\":\"https:\\\/\\\/noticiasmercedinas.com\\\/site\\\/suscribite-a-noticias-mercedinas\\\/\",\"name\":\"SUSCRIBITE A NOTICIAS MERCEDINAS &#8211; NOTICIASMERCEDINAS.COM\",\"isPartOf\":{\"@id\":\"https:\\\/\\\/noticiasmercedinas.com\\\/site\\\/#website\"},\"primaryImageOfPage\":{\"@id\":\"https:\\\/\\\/noticiasmercedinas.com\\\/site\\\/suscribite-a-noticias-mercedinas\\\/#primaryimage\"},\"image\":{\"@id\":\"https:\\\/\\\/noticiasmercedinas.com\\\/site\\\/suscribite-a-noticias-mercedinas\\\/#primaryimage\"},\"thumbnailUrl\":\"https:\\\/\\\/noticiasmercedinas.com\\\/site\\\/wp-content\\\/uploads\\\/2025\\\/07\\\/REGALA2.png\",\"datePublished\":\"2025-07-10T21:38:22+00:00\",\"dateModified\":\"2025-08-13T13:07:04+00:00\",\"breadcrumb\":{\"@id\":\"https:\\\/\\\/noticiasmercedinas.com\\\/site\\\/suscribite-a-noticias-mercedinas\\\/#breadcrumb\"},\"inLanguage\":\"es\",\"potentialAction\":[{\"@type\":\"ReadAction\",\"target\":[\"https:\\\/\\\/noticiasmercedinas.com\\\/site\\\/suscribite-a-noticias-mercedinas\\\/\"]}]},{\"@type\":\"ImageObject\",\"inLanguage\":\"es\",\"@id\":\"https:\\\/\\\/noticiasmercedinas.com\\\/site\\\/suscribite-a-noticias-mercedinas\\\/#primaryimage\",\"url\":\"https:\\\/\\\/noticiasmercedinas.com\\\/site\\\/wp-content\\\/uploads\\\/2025\\\/07\\\/REGALA2.png\",\"contentUrl\":\"https:\\\/\\\/noticiasmercedinas.com\\\/site\\\/wp-content\\\/uploads\\\/2025\\\/07\\\/REGALA2.png\",\"width\":606,\"height\":214},{\"@type\":\"BreadcrumbList\",\"@id\":\"https:\\\/\\\/noticiasmercedinas.com\\\/site\\\/suscribite-a-noticias-mercedinas\\\/#breadcrumb\",\"itemListElement\":[{\"@type\":\"ListItem\",\"position\":1,\"name\":\"Portada\",\"item\":\"https:\\\/\\\/noticiasmercedinas.com\\\/site\\\/\"},{\"@type\":\"ListItem\",\"position\":2,\"name\":\"SUSCRIBITE A NOTICIAS MERCEDINAS\"}]},{\"@type\":\"WebSite\",\"@id\":\"https:\\\/\\\/noticiasmercedinas.com\\\/site\\\/#website\",\"url\":\"https:\\\/\\\/noticiasmercedinas.com\\\/site\\\/\",\"name\":\"NOTICIASMERCEDINAS.COM\",\"description\":\"Mercedes, Buenos Aires, Argentina\",\"publisher\":{\"@id\":\"https:\\\/\\\/noticiasmercedinas.com\\\/site\\\/#organization\"},\"potentialAction\":[{\"@type\":\"SearchAction\",\"target\":{\"@type\":\"EntryPoint\",\"urlTemplate\":\"https:\\\/\\\/noticiasmercedinas.com\\\/site\\\/?s={search_term_string}\"},\"query-input\":{\"@type\":\"PropertyValueSpecification\",\"valueRequired\":true,\"valueName\":\"search_term_string\"}}],\"inLanguage\":\"es\"},{\"@type\":\"Organization\",\"@id\":\"https:\\\/\\\/noticiasmercedinas.com\\\/site\\\/#organization\",\"name\":\"NOTICIASMERCEDINAS.COM\",\"url\":\"https:\\\/\\\/noticiasmercedinas.com\\\/site\\\/\",\"logo\":{\"@type\":\"ImageObject\",\"inLanguage\":\"es\",\"@id\":\"https:\\\/\\\/noticiasmercedinas.com\\\/site\\\/#\\\/schema\\\/logo\\\/image\\\/\",\"url\":\"https:\\\/\\\/noticiasmercedinas.com\\\/site\\\/wp-content\\\/uploads\\\/2020\\\/06\\\/LOGO-512.jpg\",\"contentUrl\":\"https:\\\/\\\/noticiasmercedinas.com\\\/site\\\/wp-content\\\/uploads\\\/2020\\\/06\\\/LOGO-512.jpg\",\"width\":512,\"height\":512,\"caption\":\"NOTICIASMERCEDINAS.COM\"},\"image\":{\"@id\":\"https:\\\/\\\/noticiasmercedinas.com\\\/site\\\/#\\\/schema\\\/logo\\\/image\\\/\"},\"sameAs\":[\"https:\\\/\\\/www.facebook.com\\\/noticiasmercedinas\\\/\",\"https:\\\/\\\/x.com\\\/notmercedinas\",\"https:\\\/\\\/www.instagram.com\\\/noticiasmercedinas\\\/\"]}]}<\/script>\n<!-- \/ Yoast SEO plugin. -->","yoast_head_json":{"title":"SUSCRIBITE A NOTICIAS MERCEDINAS &#8211; NOTICIASMERCEDINAS.COM","robots":{"index":"index","follow":"follow","max-snippet":"max-snippet:-1","max-image-preview":"max-image-preview:large","max-video-preview":"max-video-preview:-1"},"canonical":"https:\/\/noticiasmercedinas.com\/site\/suscribite-a-noticias-mercedinas\/","og_locale":"es_ES","og_type":"article","og_title":"SUSCRIBITE A NOTICIAS MERCEDINAS &#8211; NOTICIASMERCEDINAS.COM","og_description":"\u00bfQuer\u00e9s estar bien informado y apoyar el periodismo de tu ciudad? &#x1f4f2;\u00a0Noticias Mercedinas lanza su sistema de suscripci\u00f3n. Con solo $10.000 al a\u00f1o o $1.000 por mes, recib\u00eds en tu WhatsApp una selecci\u00f3n exclusiva de noticias importantes, elegidas por el editor. Y ayud\u00e1s a que este medio local, con casi 20 a\u00f1os de trayectoria, siga [&hellip;]","og_url":"https:\/\/noticiasmercedinas.com\/site\/suscribite-a-noticias-mercedinas\/","og_site_name":"NOTICIASMERCEDINAS.COM","article_publisher":"https:\/\/www.facebook.com\/noticiasmercedinas\/","article_modified_time":"2025-08-13T13:07:04+00:00","og_image":[{"width":606,"height":214,"url":"https:\/\/noticiasmercedinas.com\/site\/wp-content\/uploads\/2025\/07\/REGALA2.png","type":"image\/png"}],"twitter_card":"summary_large_image","twitter_site":"@notmercedinas","twitter_misc":{"Tiempo de lectura":"3 minutos"},"schema":{"@context":"https:\/\/schema.org","@graph":[{"@type":"WebPage","@id":"https:\/\/noticiasmercedinas.com\/site\/suscribite-a-noticias-mercedinas\/","url":"https:\/\/noticiasmercedinas.com\/site\/suscribite-a-noticias-mercedinas\/","name":"SUSCRIBITE A NOTICIAS MERCEDINAS &#8211; NOTICIASMERCEDINAS.COM","isPartOf":{"@id":"https:\/\/noticiasmercedinas.com\/site\/#website"},"primaryImageOfPage":{"@id":"https:\/\/noticiasmercedinas.com\/site\/suscribite-a-noticias-mercedinas\/#primaryimage"},"image":{"@id":"https:\/\/noticiasmercedinas.com\/site\/suscribite-a-noticias-mercedinas\/#primaryimage"},"thumbnailUrl":"https:\/\/noticiasmercedinas.com\/site\/wp-content\/uploads\/2025\/07\/REGALA2.png","datePublished":"2025-07-10T21:38:22+00:00","dateModified":"2025-08-13T13:07:04+00:00","breadcrumb":{"@id":"https:\/\/noticiasmercedinas.com\/site\/suscribite-a-noticias-mercedinas\/#breadcrumb"},"inLanguage":"es","potentialAction":[{"@type":"ReadAction","target":["https:\/\/noticiasmercedinas.com\/site\/suscribite-a-noticias-mercedinas\/"]}]},{"@type":"ImageObject","inLanguage":"es","@id":"https:\/\/noticiasmercedinas.com\/site\/suscribite-a-noticias-mercedinas\/#primaryimage","url":"https:\/\/noticiasmercedinas.com\/site\/wp-content\/uploads\/2025\/07\/REGALA2.png","contentUrl":"https:\/\/noticiasmercedinas.com\/site\/wp-content\/uploads\/2025\/07\/REGALA2.png","width":606,"height":214},{"@type":"BreadcrumbList","@id":"https:\/\/noticiasmercedinas.com\/site\/suscribite-a-noticias-mercedinas\/#breadcrumb","itemListElement":[{"@type":"ListItem","position":1,"name":"Portada","item":"https:\/\/noticiasmercedinas.com\/site\/"},{"@type":"ListItem","position":2,"name":"SUSCRIBITE A NOTICIAS MERCEDINAS"}]},{"@type":"WebSite","@id":"https:\/\/noticiasmercedinas.com\/site\/#website","url":"https:\/\/noticiasmercedinas.com\/site\/","name":"NOTICIASMERCEDINAS.COM","description":"Mercedes, Buenos Aires, Argentina","publisher":{"@id":"https:\/\/noticiasmercedinas.com\/site\/#organization"},"potentialAction":[{"@type":"SearchAction","target":{"@type":"EntryPoint","urlTemplate":"https:\/\/noticiasmercedinas.com\/site\/?s={search_term_string}"},"query-input":{"@type":"PropertyValueSpecification","valueRequired":true,"valueName":"search_term_string"}}],"inLanguage":"es"},{"@type":"Organization","@id":"https:\/\/noticiasmercedinas.com\/site\/#organization","name":"NOTICIASMERCEDINAS.COM","url":"https:\/\/noticiasmercedinas.com\/site\/","logo":{"@type":"ImageObject","inLanguage":"es","@id":"https:\/\/noticiasmercedinas.com\/site\/#\/schema\/logo\/image\/","url":"https:\/\/noticiasmercedinas.com\/site\/wp-content\/uploads\/2020\/06\/LOGO-512.jpg","contentUrl":"https:\/\/noticiasmercedinas.com\/site\/wp-content\/uploads\/2020\/06\/LOGO-512.jpg","width":512,"height":512,"caption":"NOTICIASMERCEDINAS.COM"},"image":{"@id":"https:\/\/noticiasmercedinas.com\/site\/#\/schema\/logo\/image\/"},"sameAs":["https:\/\/www.facebook.com\/noticiasmercedinas\/","https:\/\/x.com\/notmercedinas","https:\/\/www.instagram.com\/noticiasmercedinas\/"]}]}},"amp_enabled":true,"_links":{"self":[{"href":"https:\/\/noticiasmercedinas.com\/site\/wp-json\/wp\/v2\/pages\/163731","targetHints":{"allow":["GET"]}}],"collection":[{"href":"https:\/\/noticiasmercedinas.com\/site\/wp-json\/wp\/v2\/pages"}],"about":[{"href":"https:\/\/noticiasmercedinas.com\/site\/wp-json\/wp\/v2\/types\/page"}],"author":[{"embeddable":true,"href":"https:\/\/noticiasmercedinas.com\/site\/wp-json\/wp\/v2\/users\/2"}],"replies":[{"embeddable":true,"href":"https:\/\/noticiasmercedinas.com\/site\/wp-json\/wp\/v2\/comments?post=163731"}],"version-history":[{"count":24,"href":"https:\/\/noticiasmercedinas.com\/site\/wp-json\/wp\/v2\/pages\/163731\/revisions"}],"predecessor-version":[{"id":166690,"href":"https:\/\/noticiasmercedinas.com\/site\/wp-json\/wp\/v2\/pages\/163731\/revisions\/166690"}],"wp:attachment":[{"href":"https:\/\/noticiasmercedinas.com\/site\/wp-json\/wp\/v2\/media?parent=163731"}],"curies":[{"name":"wp","href":"https:\/\/api.w.org\/{rel}","templated":true}]}}